2480?
True
Is 7813893828 a multiple of 12?
True
Does 634 divide 1010843306?
False
Does 1709 divide 75018264?
True
Does 67 divide 1541021491?
False
Is 1020 a factor of 37018860?
True
Does 243 divide 457370685?
False
Is 774 a factor of 217389510?
True
Is 3800 a factor of 46561400?
True
Is 316 a factor of 18702144?
True
Does 67 divide 513832099?
False
Is 2594 a factor of 144742606?
True
Does 176 divide 1019364?
False
Is 122601832 a multiple of 3617?
True
Does 17 divide 18802748?
True
Does 85 divide 50829002?
False
Does 103 divide 507874437?
False
Does 95 divide 4989696108?
False
Is 9 a factor of 65882904?
False
Does 1624 divide 128760464?
True
Is 32 a factor of 1990163584?
True
Is 197 a factor of 26167658?
False
Does 256 divide 2059689242?
False
Is 2931 a factor of 33242494?
False
Is 922 a factor of 14432066?
True
Is 4 a factor of 203113580?
True
Is 55644651 a multiple of 220?
False
Does 3 divide 142662660?
True
Is 5890095 a multiple of 9?
True
Is 592213899 a multiple of 3161?
False
Does 1804 divide 159748370?
False
Is 134957228 a multiple of 14?
True
Does 2774 divide 944017166?
True
Is 93 a factor of 245706?
True
Does 60 divide 1302221280?
True
Is 214495426 a multiple of 29?
True
Is 148 a factor of 9182660?
True
Is 2639 a factor of 36170134?
True
Does 33 divide 405929557?
False
Is 685010344 a multiple of 76?
True
Does 98 divide 768317746?
True
Is 72 a factor of 94678168?
False
Is 128 a factor of 128351616?
True
Does 3346 divide 148649396?
True
Does 14 divide 149820651?
False
Does 302 divide 990556376?
True
Does 16 divide 11811793?
False
Is 2486 a factor of 101789270?
True
Is 5121 a factor of 2272810137?
False
Does 832 divide 56381231?
False
Does 65 divide 291698186?
False
Is 10 a factor of 27863065?
False
Is 155054467 a multiple of 113?
False
Is 267359136 a multiple of 1802?
True
Does 19 divide 1830858613?
False
Is 57191400 a multiple of 75?
True
Does 4 divide 2419505252?
True
Is 4968530616 a multiple of 12?
True
Is 17495065 a multiple of 805?
True
Is 207778145 a multiple of 49?
False
Does 119 divide 25004910?
False
Is 151 a factor of 10774923?
False
Is 597998057 a multiple of 3228?
False
Is 107769456 a multiple of 1332?
True
Does 36 divide 35338320?
True
Is 1793374830 a multiple of 2405?
True
Is 12 a factor of 207251040?
True
Does 5839 divide 158400392?
True
Is 891831065 a multiple of 162?
False
Does 84 divide 341037648?
True
Is 118626823 a multiple of 101?
True
Is 35537565 a multiple of 35?
True
Is 13735968 a multiple of 6?
True
Is 62 a factor of 144194268?
True
Does 13 divide 23943904?
False
Is 60 a factor of 1065261420?
True
Is 1235182289 a multiple of 11?
True
Does 3236 divide 9644067?
False
Is 1801 a factor of 1396403549?
True
Is 2 a factor of 22926739?
False
Is 296 a factor of 93360860?
False
Is 16 a factor of 552287351?
False
Is 25 a factor of 45484600?
True
Is 44980636 a multiple of 4?
True
Is 362673464 a multiple of 898?
True
Is 12197934 a multiple of 27?
False
Is 656 a factor of 220232976?
True
Does 1010 divide 18094117?
False
Is 122 a factor of 292485116?
False
Does 201 divide 40744509?
True
Is 12 a factor of 2087521215?
False
Does 2552 divide 899201666?
False
Is 28408496 a multiple of 478?
True
Is 346 a factor of 178797928?
False
Does 622 divide 303074533?
False
Is 546179609 a multiple of 424?
False
Does 977 divide 212734911?
True
Is 391699806 a multiple of 72?
False
Is 47 a factor of 401023189?
False
Is 232827944 a multiple of 8?
True
Is 7572151 a multiple of 363?
False
Does 476 divide 3596446084?
True
Is 288864296 a multiple of 266?
True
Is 1694871225 a multiple of 25?
True
Is 2789 a factor of 3616795965?
False
Is 346678999 a multiple of 197?
False
Is 116 a factor of 19428956?
True
Does 106 divide 1055574967?
False
Is 6 a factor of 68903637?
False
Is 32 a factor of 109789981?
False
Is 267 a factor of 3530274?
True
Is 132 a factor of 1147210416?
True
Is 110 a factor of 1867374740?
True
Is 14798300 a multiple of 22?
True
Is 49635485 a multiple of 270?
False
Is 58 a factor of 155800010?
False
Does 1099 divide 13356147?
True
Does 1515 divide 56993275?
False
Is 131 a factor of 27971766?
False
Is 70407360 a multiple of 783?
True
Is 150418432 a multiple of 32?
True
Is 833976624 a multiple of 8016?
True
Does 225 divide 1343562750?
True
Does 216 divide 38886264?
True
Does 42 divide 1122213534?
False
Does 124 divide 187800149?
False
Is 43204088 a multiple of 122?
False
Does 159 divide 86167554?
False
Is 77924520 a multiple of 18?
True
Is 99629143 a multiple of 44?
False
Does 19 divide 1736741272?
False
Does 26 divide 33762882?
False
Is 21 a factor of 47386563?
True
Is 380163503 a multiple of 577?
False
Does 9 divide 5868864?
True
Is 203 a factor of 11343980?
False
Is 11 a factor of 473273267?
False
Is 12985421 a multiple of 1098?
False
Is 1785 a factor of 73588410?
True
Is 319 a factor of 78508039?
False
Is 440313924 a multiple of 164?
True
Is 530481204 a multiple of 44?
True
Is 3 a factor of 782586121?
False
Does 414 divide 112913220?
False
Is 18 a factor of 2026224957?
False
Is 367 a factor of 46106544?
False
Does 467 divide 17387472?
False
Does 1238 divide 1040557?
False
Does 4516 divide 791973687?
False
Does 12 divide 1230156527?
False
Is 867 a factor of 242662029?
True
Is 94043330 a multiple of 1873?
True
Is 402 a factor of 18363881?
False
Does 827 divide 236974433?
False
Is 4561612 a multiple of 946?
True
Is 52543360 a multiple of 464?
True
Does 89 divide 51997353?
False
Is 673 a factor of 47497103?
False
Is 81404100 a multiple of 1812?
True
Is 12 a factor of 2856384636?
True
Is 29349927 a multiple of 20?
False
Is 767488508 a multiple of 6?
False
Does 23 divide 299833911?
True
Is 69 a factor of 81091698?
True
Is 51638413 a multiple of 1010?
False
Does 441 divide 12069729?
True
Is 830 a factor of 1583897807?
False
Does 31 divide 106497228?
False
Is 30 a factor of 544546560?
True
Does 267 divide 466153698?
True
Does 2 divide 42016754?
True
Does 201 divide 353839065?
False
Is 30 a factor of 39894143?
False
Is 2544 a factor of 937455712?
False
Is 18 a factor of 188811247?
False
Does 164 divide 24073068?
True
Does 567 divide 46029627?
True
Is 208 a factor of 427149406?
False
Is 194 a factor of 381043548?
True
Does 37 divide 60338201?
False
Is 585268247 a multiple of 17?
False
Is 1498 a factor of 14272944?
True
Does 625 divide 67571824?
False
Is 92587776 a multiple of 7?
False
Does 2559 divide 165374636?
False
Does 158 divide 11752217?
False
Is 20 a factor of 103070736?
False
Is 335075256 a multiple of 37?
True
Is 7881309 a multiple of 1594?
False
Is 5695696 a multiple of 127?
True
Does 1834 divide 270428802?
True
Is 177474240 a multiple of 73?
False
Is 26 a factor of 1463386288?
True
Is 406 a factor of 7111090?
True
Does 7 divide 5229707?
True
Does 18 divide 1281568217?
False
Does 1888 divide 3302299?
False
Is 18633223 a multiple of 763?
True
Is 398 a factor of 388345006?
False
Does 6286 divide 7889470596?
True
Is 669 a factor of 90508160?
False
Is 474 a factor of 238666387?
False
Is 693556433 a multiple of 80?
False
Does 150 divide 8898600?
True
Is 912 a factor of 379447632?
True
Is 11794706 a multiple of 1102?
True
Is 9142302 a multiple of 10?
False
Does 357 divide 622104630?
True
Is 4182204 a multiple of 249?
True
Does 1110 divide 12029518?
False
Is 1688032872 a multiple of 162?
True
Does 31 divide 70402085?
True
Does 292 divide 110787428?
True
Does 1957 divide 28577900?
False
Is 10122 a factor of 297323628?
True
Is 424450176 a multiple of 96?
True
Is 1863282234 a multiple of 22?
True
Is 176 a factor of 6937920?
True
Does 170 divide 83874770?
True
Does 506 divide 12885403?
False
Is 877 a factor of 209468699?
False
Does 3641 divide 205629116?
True
Is 2550 a factor of 1200458400?
True
Is 92788440 a multiple of 138?
True
Does 53 divide 6487447822?
False
Is 9583498 a multiple of 14?
False
Does 78 divide 54336126?
True
Does 2 divide 8897413?
False
Does 23 divide 465075709?
True
Does 37 divide 207223236?
True
Does 345 divide 51030330?
True
Does 2 divide 637067?
False
Is 82 a factor of 1564535810?
True
Is 300 a factor of 11721578?
False
Does 1342 divide 115065764?
True
Does 2192 divide 29593356?
False
Does 4146 divide 1027756086?
True
Does 1442 divide 279524533?
False
Is 3 a factor of 4988214?
True
Is 9 a factor of 306617395?
False
Is 239